{"id":5591,"date":"2025-01-28T22:13:25","date_gmt":"2025-01-29T03:13:25","guid":{"rendered":"https:\/\/www.nexgrip.com\/?page_id=5591"},"modified":"2025-01-29T22:39:20","modified_gmt":"2025-01-30T03:39:20","slug":"nexgrip-work","status":"publish","type":"page","link":"https:\/\/www.nexgrip.com\/dev\/accueil\/nexgrip-work\/","title":{"rendered":"Nexgrip Work"},"content":{"rendered":"\t\t<div data-elementor-type=\"wp-page\" data-elementor-id=\"5591\" class=\"elementor elementor-5591\" data-elementor-post-type=\"page\">\n\t\t\t\t\t\t<section class=\"elementor-section elementor-top-section elementor-element elementor-element-bf2ea9f elementor-section-boxed elementor-section-height-default elementor-section-height-default\" data-id=\"bf2ea9f\" data-element_type=\"section\" data-e-type=\"section\" data-settings=\"{&quot;jet_parallax_layout_list&quot;:[]}\">\n\t\t\t\t\t\t<div class=\"elementor-container elementor-column-gap-default\">\n\t\t\t\t\t<div class=\"elementor-column elementor-col-100 elementor-top-column elementor-element elementor-element-3ab01ca\" data-id=\"3ab01ca\" data-element_type=\"column\" data-e-type=\"column\">\n\t\t\t<div class=\"elementor-widget-wrap elementor-element-populated\">\n\t\t\t\t\t\t<div class=\"elementor-element elementor-element-d61b699 elementor-widget elementor-widget-image\" data-id=\"d61b699\" data-element_type=\"widget\" data-e-type=\"widget\" data-widget_type=\"image.default\">\n\t\t\t\t<div class=\"elementor-widget-container\">\n\t\t\t\t\t\t\t\t\t\t\t\t\t\t\t<img fetchpriority=\"high\" decoding=\"async\" width=\"1500\" height=\"922\" src=\"https:\/\/www.nexgrip.com\/dev\/wp-content\/uploads\/2024\/11\/ICE_COMMANDER_WEBSITE_HEADER.jpg\" class=\"attachment-full size-full wp-image-5593\" alt=\"\" srcset=\"https:\/\/www.nexgrip.com\/dev\/wp-content\/uploads\/2024\/11\/ICE_COMMANDER_WEBSITE_HEADER.jpg 1500w, https:\/\/www.nexgrip.com\/dev\/wp-content\/uploads\/2024\/11\/ICE_COMMANDER_WEBSITE_HEADER-300x184.jpg 300w, https:\/\/www.nexgrip.com\/dev\/wp-content\/uploads\/2024\/11\/ICE_COMMANDER_WEBSITE_HEADER-1024x629.jpg 1024w, https:\/\/www.nexgrip.com\/dev\/wp-content\/uploads\/2024\/11\/ICE_COMMANDER_WEBSITE_HEADER-768x472.jpg 768w, https:\/\/www.nexgrip.com\/dev\/wp-content\/uploads\/2024\/11\/ICE_COMMANDER_WEBSITE_HEADER-600x369.jpg 600w\" sizes=\"(max-width: 1500px) 100vw, 1500px\" \/>\t\t\t\t\t\t\t\t\t\t\t\t\t\t\t<\/div>\n\t\t\t\t<\/div>\n\t\t\t\t<div class=\"elementor-element elementor-element-46426a8 elementor-widget elementor-widget-spacer\" data-id=\"46426a8\" data-element_type=\"widget\" data-e-type=\"widget\" data-widget_type=\"spacer.default\">\n\t\t\t\t<div class=\"elementor-widget-container\">\n\t\t\t\t\t\t\t<div class=\"elementor-spacer\">\n\t\t\t<div class=\"elementor-spacer-inner\"><\/div>\n\t\t<\/div>\n\t\t\t\t\t\t<\/div>\n\t\t\t\t<\/div>\n\t\t\t\t\t<\/div>\n\t\t<\/div>\n\t\t\t\t\t<\/div>\n\t\t<\/section>\n\t\t\t\t<section class=\"elementor-section elementor-top-section elementor-element elementor-element-0018456 elementor-section-boxed elementor-section-height-default elementor-section-height-default\" data-id=\"0018456\" data-element_type=\"section\" data-e-type=\"section\" data-settings=\"{&quot;jet_parallax_layout_list&quot;:[]}\">\n\t\t\t\t\t\t<div class=\"elementor-container elementor-column-gap-default\">\n\t\t\t\t\t<div class=\"elementor-column elementor-col-100 elementor-top-column elementor-element elementor-element-eb110c5\" data-id=\"eb110c5\" data-element_type=\"column\" data-e-type=\"column\">\n\t\t\t<div class=\"elementor-widget-wrap elementor-element-populated\">\n\t\t\t\t\t\t<div class=\"elementor-element elementor-element-63ffde3 elementor-widget elementor-widget-text-editor\" data-id=\"63ffde3\" data-element_type=\"widget\" data-e-type=\"widget\" data-widget_type=\"text-editor.default\">\n\t\t\t\t<div class=\"elementor-widget-container\">\n\t\t\t\t\t\t\t\t\t<h6 class=\"p1\"><b>Affrontez toutes les conditions avec notre botte de travail CSA, con\u00e7ue en cuir premium pour une durabilit\u00e9 in\u00e9gal\u00e9e. Dot\u00e9e d\u2019une semelle brevet\u00e9e avec crampons r\u00e9tractables, elle offre une adh\u00e9rence sup\u00e9rieure quand vous en avez besoin. Confort, s\u00e9curit\u00e9 et performance se rencontrent dans un design robuste pr\u00eat pour l\u2019action. Ne laissez rien vous arr\u00eater!<\/b><\/h6>\t\t\t\t\t\t\t\t<\/div>\n\t\t\t\t<\/div>\n\t\t\t\t\t<\/div>\n\t\t<\/div>\n\t\t\t\t\t<\/div>\n\t\t<\/section>\n\t\t\t\t<section class=\"elementor-section elementor-top-section elementor-element elementor-element-4055efd elementor-section-boxed elementor-section-height-default elementor-section-height-default\" data-id=\"4055efd\" data-element_type=\"section\" data-e-type=\"section\" data-settings=\"{&quot;jet_parallax_layout_list&quot;:[]}\">\n\t\t\t\t\t\t<div class=\"elementor-container elementor-column-gap-default\">\n\t\t\t\t\t<div class=\"elementor-column elementor-col-100 elementor-top-column elementor-element elementor-element-a4ea443\" data-id=\"a4ea443\" data-element_type=\"column\" data-e-type=\"column\">\n\t\t\t<div class=\"elementor-widget-wrap elementor-element-populated\">\n\t\t\t\t\t\t<div class=\"elementor-element elementor-element-08152cb elementor-widget elementor-widget-spacer\" data-id=\"08152cb\" data-element_type=\"widget\" data-e-type=\"widget\" data-widget_type=\"spacer.default\">\n\t\t\t\t<div class=\"elementor-widget-container\">\n\t\t\t\t\t\t\t<div class=\"elementor-spacer\">\n\t\t\t<div class=\"elementor-spacer-inner\"><\/div>\n\t\t<\/div>\n\t\t\t\t\t\t<\/div>\n\t\t\t\t<\/div>\n\t\t\t\t<div class=\"elementor-element elementor-element-bf028ba elementor-widget elementor-widget-heading\" data-id=\"bf028ba\" data-element_type=\"widget\" data-e-type=\"widget\" data-widget_type=\"heading.default\">\n\t\t\t\t<div class=\"elementor-widget-container\">\n\t\t\t\t\t<h2 class=\"elementor-heading-title elementor-size-default\">Travailler avec confiance. <\/h2>\t\t\t\t<\/div>\n\t\t\t\t<\/div>\n\t\t\t\t<div class=\"elementor-element elementor-element-ae2f994 elementor-widget elementor-widget-spacer\" data-id=\"ae2f994\" data-element_type=\"widget\" data-e-type=\"widget\" data-widget_type=\"spacer.default\">\n\t\t\t\t<div class=\"elementor-widget-container\">\n\t\t\t\t\t\t\t<div class=\"elementor-spacer\">\n\t\t\t<div class=\"elementor-spacer-inner\"><\/div>\n\t\t<\/div>\n\t\t\t\t\t\t<\/div>\n\t\t\t\t<\/div>\n\t\t\t\t<div class=\"elementor-element elementor-element-3a1a706 elementor-arrows-position-inside elementor-pagination-position-outside elementor-widget elementor-widget-image-carousel\" data-id=\"3a1a706\" data-element_type=\"widget\" data-e-type=\"widget\" data-settings=\"{&quot;navigation&quot;:&quot;both&quot;,&quot;autoplay&quot;:&quot;yes&quot;,&quot;pause_on_hover&quot;:&quot;yes&quot;,&quot;pause_on_interaction&quot;:&quot;yes&quot;,&quot;autoplay_speed&quot;:5000,&quot;infinite&quot;:&quot;yes&quot;,&quot;speed&quot;:500}\" data-widget_type=\"image-carousel.default\">\n\t\t\t\t<div class=\"elementor-widget-container\">\n\t\t\t\t\t\t\t<div class=\"elementor-image-carousel-wrapper swiper\" role=\"region\" aria-roledescription=\"carousel\" aria-label=\"Carrousel d\u2019images\" dir=\"ltr\">\n\t\t\t<div class=\"elementor-image-carousel swiper-wrapper\" aria-live=\"off\">\n\t\t\t\t\t\t\t\t<div class=\"swiper-slide\" role=\"group\" aria-roledescription=\"slide\" aria-label=\"1 sur 4\"><figure class=\"swiper-slide-inner\"><img decoding=\"async\" class=\"swiper-slide-image\" src=\"https:\/\/www.nexgrip.com\/dev\/wp-content\/uploads\/2024\/11\/PW2045BLK_03-288x300.jpg\" alt=\"PW2045BLK_03\" \/><\/figure><\/div><div class=\"swiper-slide\" role=\"group\" aria-roledescription=\"slide\" aria-label=\"2 sur 4\"><figure class=\"swiper-slide-inner\"><img decoding=\"async\" class=\"swiper-slide-image\" src=\"https:\/\/www.nexgrip.com\/dev\/wp-content\/uploads\/2024\/11\/PW2045BRW_03-300x294.jpg\" alt=\"PW2045BRW_03\" \/><\/figure><\/div><div class=\"swiper-slide\" role=\"group\" aria-roledescription=\"slide\" aria-label=\"3 sur 4\"><figure class=\"swiper-slide-inner\"><img decoding=\"async\" class=\"swiper-slide-image\" src=\"https:\/\/www.nexgrip.com\/dev\/wp-content\/uploads\/2024\/11\/PW2095BLK_03-300x300.jpg\" alt=\"PW2095BLK_03\" \/><\/figure><\/div><div class=\"swiper-slide\" role=\"group\" aria-roledescription=\"slide\" aria-label=\"4 sur 4\"><figure class=\"swiper-slide-inner\"><img decoding=\"async\" class=\"swiper-slide-image\" src=\"https:\/\/www.nexgrip.com\/dev\/wp-content\/uploads\/2024\/11\/PW2095BRW_03-300x300.jpg\" alt=\"PW2095BRW_03\" \/><\/figure><\/div>\t\t\t<\/div>\n\t\t\t\t\t\t\t\t\t\t\t\t<div class=\"elementor-swiper-button elementor-swiper-button-prev\" role=\"button\" tabindex=\"0\">\n\t\t\t\t\t\t<i aria-hidden=\"true\" class=\"eicon-chevron-left\"><\/i>\t\t\t\t\t<\/div>\n\t\t\t\t\t<div class=\"elementor-swiper-button elementor-swiper-button-next\" role=\"button\" tabindex=\"0\">\n\t\t\t\t\t\t<i aria-hidden=\"true\" class=\"eicon-chevron-right\"><\/i>\t\t\t\t\t<\/div>\n\t\t\t\t\n\t\t\t\t\t\t\t\t\t<div class=\"swiper-pagination\"><\/div>\n\t\t\t\t\t\t\t\t\t<\/div>\n\t\t\t\t\t\t<\/div>\n\t\t\t\t<\/div>\n\t\t\t\t<div class=\"elementor-element elementor-element-56b7992 elementor-widget-divider--view-line elementor-widget elementor-widget-divider\" data-id=\"56b7992\" data-element_type=\"widget\" data-e-type=\"widget\" data-widget_type=\"divider.default\">\n\t\t\t\t<div class=\"elementor-widget-container\">\n\t\t\t\t\t\t\t<div class=\"elementor-divider\">\n\t\t\t<span class=\"elementor-divider-separator\">\n\t\t\t\t\t\t<\/span>\n\t\t<\/div>\n\t\t\t\t\t\t<\/div>\n\t\t\t\t<\/div>\n\t\t\t\t\t<\/div>\n\t\t<\/div>\n\t\t\t\t\t<\/div>\n\t\t<\/section>\n\t\t\t\t<section class=\"elementor-section elementor-top-section elementor-element elementor-element-672b8ce elementor-section-boxed elementor-section-height-default elementor-section-height-default\" data-id=\"672b8ce\" data-element_type=\"section\" data-e-type=\"section\" data-settings=\"{&quot;jet_parallax_layout_list&quot;:[]}\">\n\t\t\t\t\t\t<div class=\"elementor-container elementor-column-gap-default\">\n\t\t\t\t\t<div class=\"elementor-column elementor-col-100 elementor-top-column elementor-element elementor-element-036dc6e\" data-id=\"036dc6e\" data-element_type=\"column\" data-e-type=\"column\">\n\t\t\t<div class=\"elementor-widget-wrap elementor-element-populated\">\n\t\t\t\t\t\t<div class=\"elementor-element elementor-element-db9e6b6 elementor-widget elementor-widget-spacer\" data-id=\"db9e6b6\" data-element_type=\"widget\" data-e-type=\"widget\" data-widget_type=\"spacer.default\">\n\t\t\t\t<div class=\"elementor-widget-container\">\n\t\t\t\t\t\t\t<div class=\"elementor-spacer\">\n\t\t\t<div class=\"elementor-spacer-inner\"><\/div>\n\t\t<\/div>\n\t\t\t\t\t\t<\/div>\n\t\t\t\t<\/div>\n\t\t\t\t<div class=\"elementor-element elementor-element-88fdee1 elementor-arrows-position-inside elementor-pagination-position-outside elementor-widget elementor-widget-image-carousel\" data-id=\"88fdee1\" data-element_type=\"widget\" data-e-type=\"widget\" data-settings=\"{&quot;navigation&quot;:&quot;both&quot;,&quot;autoplay&quot;:&quot;yes&quot;,&quot;pause_on_hover&quot;:&quot;yes&quot;,&quot;pause_on_interaction&quot;:&quot;yes&quot;,&quot;autoplay_speed&quot;:5000,&quot;infinite&quot;:&quot;yes&quot;,&quot;speed&quot;:500}\" data-widget_type=\"image-carousel.default\">\n\t\t\t\t<div class=\"elementor-widget-container\">\n\t\t\t\t\t\t\t<div class=\"elementor-image-carousel-wrapper swiper\" role=\"region\" aria-roledescription=\"carousel\" aria-label=\"Carrousel d\u2019images\" dir=\"ltr\">\n\t\t\t<div class=\"elementor-image-carousel swiper-wrapper\" aria-live=\"off\">\n\t\t\t\t\t\t\t\t<div class=\"swiper-slide\" role=\"group\" aria-roledescription=\"slide\" aria-label=\"1 sur 3\"><figure class=\"swiper-slide-inner\"><img decoding=\"async\" class=\"swiper-slide-image\" src=\"https:\/\/www.nexgrip.com\/dev\/wp-content\/uploads\/2025\/01\/Ice_Shelter_01-\u2013-grande-taille-768x768.jpeg\" alt=\"Ice_Shelter_01\u00a0\u2013 grande taille\" \/><\/figure><\/div><div class=\"swiper-slide\" role=\"group\" aria-roledescription=\"slide\" aria-label=\"2 sur 3\"><figure class=\"swiper-slide-inner\"><img decoding=\"async\" class=\"swiper-slide-image\" src=\"https:\/\/www.nexgrip.com\/dev\/wp-content\/uploads\/2025\/01\/Ice_Guardian_01-\u2013-grande-taille-768x768.jpeg\" alt=\"Ice_Guardian_01\u00a0\u2013 grande taille\" \/><\/figure><\/div><div class=\"swiper-slide\" role=\"group\" aria-roledescription=\"slide\" aria-label=\"3 sur 3\"><figure class=\"swiper-slide-inner\"><img decoding=\"async\" class=\"swiper-slide-image\" src=\"https:\/\/www.nexgrip.com\/dev\/wp-content\/uploads\/2025\/01\/Ice_Haven_01-\u2013-grande-taille-768x768.jpeg\" alt=\"Ice_Haven_01\u00a0\u2013 grande taille\" \/><\/figure><\/div>\t\t\t<\/div>\n\t\t\t\t\t\t\t\t\t\t\t\t<div class=\"elementor-swiper-button elementor-swiper-button-prev\" role=\"button\" tabindex=\"0\">\n\t\t\t\t\t\t<i aria-hidden=\"true\" class=\"eicon-chevron-left\"><\/i>\t\t\t\t\t<\/div>\n\t\t\t\t\t<div class=\"elementor-swiper-button elementor-swiper-button-next\" role=\"button\" tabindex=\"0\">\n\t\t\t\t\t\t<i aria-hidden=\"true\" class=\"eicon-chevron-right\"><\/i>\t\t\t\t\t<\/div>\n\t\t\t\t\n\t\t\t\t\t\t\t\t\t<div class=\"swiper-pagination\"><\/div>\n\t\t\t\t\t\t\t\t\t<\/div>\n\t\t\t\t\t\t<\/div>\n\t\t\t\t<\/div>\n\t\t\t\t\t<\/div>\n\t\t<\/div>\n\t\t\t\t\t<\/div>\n\t\t<\/section>\n\t\t\t\t<\/div>\n\t\t","protected":false},"excerpt":{"rendered":"<p>Affrontez toutes les conditions avec notre botte de travail CSA, con\u00e7ue en cuir premium pour une durabilit\u00e9 in\u00e9gal\u00e9e. Dot\u00e9e d\u2019une semelle brevet\u00e9e avec crampons r\u00e9tractables, elle offre une adh\u00e9rence sup\u00e9rieure quand vous en avez besoin. Confort, s\u00e9curit\u00e9 et performance se rencontrent dans un design robuste pr\u00eat pour l\u2019action. Ne laissez rien vous arr\u00eater! Travailler avec [&hellip;]<\/p>\n","protected":false},"author":15,"featured_media":5750,"parent":151,"menu_order":0,"comment_status":"closed","ping_status":"closed","template":"elementor_canvas","meta":{"footnotes":""},"class_list":["post-5591","page","type-page","status-publish","has-post-thumbnail","hentry"],"yoast_head":"<!-- This site is optimized with the Yoast SEO plugin v27.4 - https:\/\/yoast.com\/product\/yoast-seo-wordpress\/ -->\n<title>Nexgrip Work - NexGrip Canada<\/title>\n<meta name=\"robots\" content=\"noindex, follow, max-snippet:-1, max-image-preview:large, max-video-preview:-1\" \/>\n<meta property=\"og:locale\" content=\"fr_FR\" \/>\n<meta property=\"og:type\" content=\"article\" \/>\n<meta property=\"og:title\" content=\"Nexgrip Work - NexGrip Canada\" \/>\n<meta property=\"og:description\" content=\"Affrontez toutes les conditions avec notre botte de travail CSA, con\u00e7ue en cuir premium pour une durabilit\u00e9 in\u00e9gal\u00e9e. Dot\u00e9e d\u2019une semelle brevet\u00e9e avec crampons r\u00e9tractables, elle offre une adh\u00e9rence sup\u00e9rieure quand vous en avez besoin. Confort, s\u00e9curit\u00e9 et performance se rencontrent dans un design robuste pr\u00eat pour l\u2019action. Ne laissez rien vous arr\u00eater! Travailler avec [&hellip;]\" \/>\n<meta property=\"og:url\" content=\"https:\/\/www.nexgrip.com\/dev\/accueil\/nexgrip-work\/\" \/>\n<meta property=\"og:site_name\" content=\"NexGrip Canada\" \/>\n<meta property=\"article:modified_time\" content=\"2025-01-30T03:39:20+00:00\" \/>\n<meta property=\"og:image\" content=\"https:\/\/www.nexgrip.com\/dev\/wp-content\/uploads\/2025\/01\/ICE_COMMANDER_WEBSITE_HEADER2.jpg\" \/>\n\t<meta property=\"og:image:width\" content=\"1095\" \/>\n\t<meta property=\"og:image:height\" content=\"1000\" \/>\n\t<meta property=\"og:image:type\" content=\"image\/jpeg\" \/>\n<meta name=\"twitter:card\" content=\"summary_large_image\" \/>\n<meta name=\"twitter:label1\" content=\"Dur\u00e9e de lecture estim\u00e9e\" \/>\n\t<meta name=\"twitter:data1\" content=\"2 minutes\" \/>\n<script type=\"application\/ld+json\" class=\"yoast-schema-graph\">{\"@context\":\"https:\\\/\\\/schema.org\",\"@graph\":[{\"@type\":\"WebPage\",\"@id\":\"https:\\\/\\\/www.nexgrip.com\\\/dev\\\/accueil\\\/nexgrip-work\\\/\",\"url\":\"https:\\\/\\\/www.nexgrip.com\\\/dev\\\/accueil\\\/nexgrip-work\\\/\",\"name\":\"Nexgrip Work - NexGrip Canada\",\"isPartOf\":{\"@id\":\"https:\\\/\\\/www.nexgrip.com\\\/dev\\\/#website\"},\"primaryImageOfPage\":{\"@id\":\"https:\\\/\\\/www.nexgrip.com\\\/dev\\\/accueil\\\/nexgrip-work\\\/#primaryimage\"},\"image\":{\"@id\":\"https:\\\/\\\/www.nexgrip.com\\\/dev\\\/accueil\\\/nexgrip-work\\\/#primaryimage\"},\"thumbnailUrl\":\"https:\\\/\\\/www.nexgrip.com\\\/dev\\\/wp-content\\\/uploads\\\/2025\\\/01\\\/ICE_COMMANDER_WEBSITE_HEADER2.jpg\",\"datePublished\":\"2025-01-29T03:13:25+00:00\",\"dateModified\":\"2025-01-30T03:39:20+00:00\",\"breadcrumb\":{\"@id\":\"https:\\\/\\\/www.nexgrip.com\\\/dev\\\/accueil\\\/nexgrip-work\\\/#breadcrumb\"},\"inLanguage\":\"fr-FR\",\"potentialAction\":[{\"@type\":\"ReadAction\",\"target\":[\"https:\\\/\\\/www.nexgrip.com\\\/dev\\\/accueil\\\/nexgrip-work\\\/\"]}]},{\"@type\":\"ImageObject\",\"inLanguage\":\"fr-FR\",\"@id\":\"https:\\\/\\\/www.nexgrip.com\\\/dev\\\/accueil\\\/nexgrip-work\\\/#primaryimage\",\"url\":\"https:\\\/\\\/www.nexgrip.com\\\/dev\\\/wp-content\\\/uploads\\\/2025\\\/01\\\/ICE_COMMANDER_WEBSITE_HEADER2.jpg\",\"contentUrl\":\"https:\\\/\\\/www.nexgrip.com\\\/dev\\\/wp-content\\\/uploads\\\/2025\\\/01\\\/ICE_COMMANDER_WEBSITE_HEADER2.jpg\",\"width\":1095,\"height\":1000},{\"@type\":\"BreadcrumbList\",\"@id\":\"https:\\\/\\\/www.nexgrip.com\\\/dev\\\/accueil\\\/nexgrip-work\\\/#breadcrumb\",\"itemListElement\":[{\"@type\":\"ListItem\",\"position\":1,\"name\":\"Accueil\",\"item\":\"https:\\\/\\\/www.nexgrip.com\\\/dev\\\/\"},{\"@type\":\"ListItem\",\"position\":2,\"name\":\"Accueil\",\"item\":\"https:\\\/\\\/www.nexgrip.com\\\/dev\\\/accueil\\\/\"},{\"@type\":\"ListItem\",\"position\":3,\"name\":\"Nexgrip Work\"}]},{\"@type\":\"WebSite\",\"@id\":\"https:\\\/\\\/www.nexgrip.com\\\/dev\\\/#website\",\"url\":\"https:\\\/\\\/www.nexgrip.com\\\/dev\\\/\",\"name\":\"NexGrip Canada\",\"description\":\"Winter Boots\",\"publisher\":{\"@id\":\"https:\\\/\\\/www.nexgrip.com\\\/dev\\\/#organization\"},\"potentialAction\":[{\"@type\":\"SearchAction\",\"target\":{\"@type\":\"EntryPoint\",\"urlTemplate\":\"https:\\\/\\\/www.nexgrip.com\\\/dev\\\/?s={search_term_string}\"},\"query-input\":{\"@type\":\"PropertyValueSpecification\",\"valueRequired\":true,\"valueName\":\"search_term_string\"}}],\"inLanguage\":\"fr-FR\"},{\"@type\":\"Organization\",\"@id\":\"https:\\\/\\\/www.nexgrip.com\\\/dev\\\/#organization\",\"name\":\"NexGrip Canada\",\"url\":\"https:\\\/\\\/www.nexgrip.com\\\/dev\\\/\",\"logo\":{\"@type\":\"ImageObject\",\"inLanguage\":\"fr-FR\",\"@id\":\"https:\\\/\\\/www.nexgrip.com\\\/dev\\\/#\\\/schema\\\/logo\\\/image\\\/\",\"url\":\"https:\\\/\\\/www.nexgrip.com\\\/dev\\\/wp-content\\\/uploads\\\/2023\\\/06\\\/logo-nexgrip.png\",\"contentUrl\":\"https:\\\/\\\/www.nexgrip.com\\\/dev\\\/wp-content\\\/uploads\\\/2023\\\/06\\\/logo-nexgrip.png\",\"width\":400,\"height\":136,\"caption\":\"NexGrip Canada\"},\"image\":{\"@id\":\"https:\\\/\\\/www.nexgrip.com\\\/dev\\\/#\\\/schema\\\/logo\\\/image\\\/\"}}]}<\/script>\n<!-- \/ Yoast SEO plugin. -->","yoast_head_json":{"title":"Nexgrip Work - NexGrip Canada","robots":{"index":"noindex","follow":"follow","max-snippet":"max-snippet:-1","max-image-preview":"max-image-preview:large","max-video-preview":"max-video-preview:-1"},"og_locale":"fr_FR","og_type":"article","og_title":"Nexgrip Work - NexGrip Canada","og_description":"Affrontez toutes les conditions avec notre botte de travail CSA, con\u00e7ue en cuir premium pour une durabilit\u00e9 in\u00e9gal\u00e9e. Dot\u00e9e d\u2019une semelle brevet\u00e9e avec crampons r\u00e9tractables, elle offre une adh\u00e9rence sup\u00e9rieure quand vous en avez besoin. Confort, s\u00e9curit\u00e9 et performance se rencontrent dans un design robuste pr\u00eat pour l\u2019action. Ne laissez rien vous arr\u00eater! Travailler avec [&hellip;]","og_url":"https:\/\/www.nexgrip.com\/dev\/accueil\/nexgrip-work\/","og_site_name":"NexGrip Canada","article_modified_time":"2025-01-30T03:39:20+00:00","og_image":[{"width":1095,"height":1000,"url":"https:\/\/www.nexgrip.com\/dev\/wp-content\/uploads\/2025\/01\/ICE_COMMANDER_WEBSITE_HEADER2.jpg","type":"image\/jpeg"}],"twitter_card":"summary_large_image","twitter_misc":{"Dur\u00e9e de lecture estim\u00e9e":"2 minutes"},"schema":{"@context":"https:\/\/schema.org","@graph":[{"@type":"WebPage","@id":"https:\/\/www.nexgrip.com\/dev\/accueil\/nexgrip-work\/","url":"https:\/\/www.nexgrip.com\/dev\/accueil\/nexgrip-work\/","name":"Nexgrip Work - NexGrip Canada","isPartOf":{"@id":"https:\/\/www.nexgrip.com\/dev\/#website"},"primaryImageOfPage":{"@id":"https:\/\/www.nexgrip.com\/dev\/accueil\/nexgrip-work\/#primaryimage"},"image":{"@id":"https:\/\/www.nexgrip.com\/dev\/accueil\/nexgrip-work\/#primaryimage"},"thumbnailUrl":"https:\/\/www.nexgrip.com\/dev\/wp-content\/uploads\/2025\/01\/ICE_COMMANDER_WEBSITE_HEADER2.jpg","datePublished":"2025-01-29T03:13:25+00:00","dateModified":"2025-01-30T03:39:20+00:00","breadcrumb":{"@id":"https:\/\/www.nexgrip.com\/dev\/accueil\/nexgrip-work\/#breadcrumb"},"inLanguage":"fr-FR","potentialAction":[{"@type":"ReadAction","target":["https:\/\/www.nexgrip.com\/dev\/accueil\/nexgrip-work\/"]}]},{"@type":"ImageObject","inLanguage":"fr-FR","@id":"https:\/\/www.nexgrip.com\/dev\/accueil\/nexgrip-work\/#primaryimage","url":"https:\/\/www.nexgrip.com\/dev\/wp-content\/uploads\/2025\/01\/ICE_COMMANDER_WEBSITE_HEADER2.jpg","contentUrl":"https:\/\/www.nexgrip.com\/dev\/wp-content\/uploads\/2025\/01\/ICE_COMMANDER_WEBSITE_HEADER2.jpg","width":1095,"height":1000},{"@type":"BreadcrumbList","@id":"https:\/\/www.nexgrip.com\/dev\/accueil\/nexgrip-work\/#breadcrumb","itemListElement":[{"@type":"ListItem","position":1,"name":"Accueil","item":"https:\/\/www.nexgrip.com\/dev\/"},{"@type":"ListItem","position":2,"name":"Accueil","item":"https:\/\/www.nexgrip.com\/dev\/accueil\/"},{"@type":"ListItem","position":3,"name":"Nexgrip Work"}]},{"@type":"WebSite","@id":"https:\/\/www.nexgrip.com\/dev\/#website","url":"https:\/\/www.nexgrip.com\/dev\/","name":"NexGrip Canada","description":"Winter Boots","publisher":{"@id":"https:\/\/www.nexgrip.com\/dev\/#organization"},"potentialAction":[{"@type":"SearchAction","target":{"@type":"EntryPoint","urlTemplate":"https:\/\/www.nexgrip.com\/dev\/?s={search_term_string}"},"query-input":{"@type":"PropertyValueSpecification","valueRequired":true,"valueName":"search_term_string"}}],"inLanguage":"fr-FR"},{"@type":"Organization","@id":"https:\/\/www.nexgrip.com\/dev\/#organization","name":"NexGrip Canada","url":"https:\/\/www.nexgrip.com\/dev\/","logo":{"@type":"ImageObject","inLanguage":"fr-FR","@id":"https:\/\/www.nexgrip.com\/dev\/#\/schema\/logo\/image\/","url":"https:\/\/www.nexgrip.com\/dev\/wp-content\/uploads\/2023\/06\/logo-nexgrip.png","contentUrl":"https:\/\/www.nexgrip.com\/dev\/wp-content\/uploads\/2023\/06\/logo-nexgrip.png","width":400,"height":136,"caption":"NexGrip Canada"},"image":{"@id":"https:\/\/www.nexgrip.com\/dev\/#\/schema\/logo\/image\/"}}]}},"_links":{"self":[{"href":"https:\/\/www.nexgrip.com\/dev\/wp-json\/wp\/v2\/pages\/5591","targetHints":{"allow":["GET"]}}],"collection":[{"href":"https:\/\/www.nexgrip.com\/dev\/wp-json\/wp\/v2\/pages"}],"about":[{"href":"https:\/\/www.nexgrip.com\/dev\/wp-json\/wp\/v2\/types\/page"}],"author":[{"embeddable":true,"href":"https:\/\/www.nexgrip.com\/dev\/wp-json\/wp\/v2\/users\/15"}],"replies":[{"embeddable":true,"href":"https:\/\/www.nexgrip.com\/dev\/wp-json\/wp\/v2\/comments?post=5591"}],"version-history":[{"count":53,"href":"https:\/\/www.nexgrip.com\/dev\/wp-json\/wp\/v2\/pages\/5591\/revisions"}],"predecessor-version":[{"id":5851,"href":"https:\/\/www.nexgrip.com\/dev\/wp-json\/wp\/v2\/pages\/5591\/revisions\/5851"}],"up":[{"embeddable":true,"href":"https:\/\/www.nexgrip.com\/dev\/wp-json\/wp\/v2\/pages\/151"}],"wp:featuredmedia":[{"embeddable":true,"href":"https:\/\/www.nexgrip.com\/dev\/wp-json\/wp\/v2\/media\/5750"}],"wp:attachment":[{"href":"https:\/\/www.nexgrip.com\/dev\/wp-json\/wp\/v2\/media?parent=5591"}],"curies":[{"name":"wp","href":"https:\/\/api.w.org\/{rel}","templated":true}]}}