{"id":2620,"date":"2023-08-28T06:02:24","date_gmt":"2023-08-28T10:02:24","guid":{"rendered":"https:\/\/nexgrip.webloft.dev\/?page_id=2620"},"modified":"2023-10-12T11:08:25","modified_gmt":"2023-10-12T15:08:25","slug":"a-propos","status":"publish","type":"page","link":"https:\/\/www.nexgrip.com\/dev\/a-propos\/","title":{"rendered":"A Propos"},"content":{"rendered":"\t\t<div data-elementor-type=\"wp-page\" data-elementor-id=\"2620\" class=\"elementor elementor-2620\" data-elementor-post-type=\"page\">\n\t\t\t\t\t\t<section class=\"elementor-section elementor-top-section elementor-element elementor-element-56e637bc elementor-section-height-min-height elementor-section-items-stretch elementor-section-boxed elementor-section-height-default\" data-id=\"56e637bc\" data-element_type=\"section\" data-e-type=\"section\" data-settings=\"{&quot;background_background&quot;:&quot;classic&quot;,&quot;shape_divider_bottom&quot;:&quot;triangle-asymmetrical&quot;,&quot;jet_parallax_layout_list&quot;:[]}\">\n\t\t\t\t\t\t\t<div class=\"elementor-background-overlay\"><\/div>\n\t\t\t\t\t\t<div class=\"elementor-shape elementor-shape-bottom\" aria-hidden=\"true\" data-negative=\"false\">\n\t\t\t<svg xmlns=\"http:\/\/www.w3.org\/2000\/svg\" viewBox=\"0 0 1000 100\" preserveAspectRatio=\"none\">\n\t<path class=\"elementor-shape-fill\" d=\"M738,99l262-93V0H0v5.6L738,99z\"\/>\n<\/svg>\t\t<\/div>\n\t\t\t\t\t<div class=\"elementor-container elementor-column-gap-default\">\n\t\t\t\t\t<div class=\"elementor-column elementor-col-100 elementor-top-column elementor-element elementor-element-70367da7\" data-id=\"70367da7\" data-element_type=\"column\" data-e-type=\"column\">\n\t\t\t<div class=\"elementor-widget-wrap elementor-element-populated\">\n\t\t\t\t\t\t<div class=\"elementor-element elementor-element-4717d00 elementor-widget elementor-widget-heading\" data-id=\"4717d00\" data-element_type=\"widget\" data-e-type=\"widget\" data-widget_type=\"heading.default\">\n\t\t\t\t<div class=\"elementor-widget-container\">\n\t\t\t\t\t<h1 class=\"elementor-heading-title elementor-size-default\">\u00c0 propos de NEXGRIP<\/h1>\t\t\t\t<\/div>\n\t\t\t\t<\/div>\n\t\t\t\t<div class=\"elementor-element elementor-element-a35bd9f elementor-widget-divider--view-line elementor-widget elementor-widget-divider\" data-id=\"a35bd9f\" data-element_type=\"widget\" data-e-type=\"widget\" data-widget_type=\"divider.default\">\n\t\t\t\t<div class=\"elementor-widget-container\">\n\t\t\t\t\t\t\t<div class=\"elementor-divider\">\n\t\t\t<span class=\"elementor-divider-separator\">\n\t\t\t\t\t\t<\/span>\n\t\t<\/div>\n\t\t\t\t\t\t<\/div>\n\t\t\t\t<\/div>\n\t\t\t\t<div class=\"elementor-element elementor-element-5872cfd0 elementor-widget elementor-widget-text-editor\" data-id=\"5872cfd0\" data-element_type=\"widget\" data-e-type=\"widget\" data-widget_type=\"text-editor.default\">\n\t\t\t\t<div class=\"elementor-widget-container\">\n\t\t\t\t\t\t\t\t\t<p>NEXGRIP est n\u00e9 d\u2019un d\u00e9sir d\u2019offrir des bottes d\u2019hiver qui sont \u00e0 la fois \u00e9l\u00e9gantes,<br \/>s\u00e9curitaires et chaudes pour affronter l\u2019hiver avec style et assurance.<\/p>\t\t\t\t\t\t\t\t<\/div>\n\t\t\t\t<\/div>\n\t\t\t\t\t<\/div>\n\t\t<\/div>\n\t\t\t\t\t<\/div>\n\t\t<\/section>\n\t\t\t\t<section class=\"elementor-section elementor-top-section elementor-element elementor-element-bda59c4 elementor-section-boxed elementor-section-height-default elementor-section-height-default\" data-id=\"bda59c4\" data-element_type=\"section\" data-e-type=\"section\" data-settings=\"{&quot;jet_parallax_layout_list&quot;:[]}\">\n\t\t\t\t\t\t<div class=\"elementor-container elementor-column-gap-default\">\n\t\t\t\t\t<div class=\"elementor-column elementor-col-100 elementor-top-column elementor-element elementor-element-3aa3170\" data-id=\"3aa3170\" data-element_type=\"column\" data-e-type=\"column\">\n\t\t\t<div class=\"elementor-widget-wrap elementor-element-populated\">\n\t\t\t\t\t\t<div class=\"elementor-element elementor-element-13a4256 elementor-widget elementor-widget-heading\" data-id=\"13a4256\" data-element_type=\"widget\" data-e-type=\"widget\" data-widget_type=\"heading.default\">\n\t\t\t\t<div class=\"elementor-widget-container\">\n\t\t\t\t\t<h2 class=\"elementor-heading-title elementor-size-default\">Fabricant qu\u00e9b\u00e9cois de bottes d\u2019hiver au confort in\u00e9gal\u00e9<\/h2>\t\t\t\t<\/div>\n\t\t\t\t<\/div>\n\t\t\t\t<div class=\"elementor-element elementor-element-df1dec9 elementor-widget elementor-widget-text-editor\" data-id=\"df1dec9\" data-element_type=\"widget\" data-e-type=\"widget\" data-widget_type=\"text-editor.default\">\n\t\t\t\t<div class=\"elementor-widget-container\">\n\t\t\t\t\t\t\t\t\t<p>NEXGRIP est une entreprise familiale \u00e9tablie \u00e0 Montr\u00e9al et fond\u00e9e par un passionn\u00e9 de la&nbsp;chaussure qui \u0153uvre dans le domaine depuis plus de 35&nbsp;ans&nbsp;: Alain Knapp.&nbsp;V\u00e9ritable visionnaire, Alain a toujours \u00e9t\u00e9 \u00e0 l\u2019aff\u00fbt des nouvelles technologies afin d\u2019offrir des produits de pointe \u00e0 sa client\u00e8le. C\u2019est ainsi qu\u2019il a su perfectionner son produit en mettant&nbsp;au point une semelle brevet\u00e9e combinant crampon et mat\u00e9riel abrasif.<span style=\"color: var( --e-global-color-text ); letter-spacing: 0.2px; background-color: var( --e-global-color-c696dce );\"><br><\/span><\/p><p><span style=\"color: var( --e-global-color-text ); letter-spacing: 0.2px; background-color: var( --e-global-color-c696dce );\">Apr\u00e8s avoir vu sa conjointe faire de vilaines chutes en portant de petits bottillons, il d\u00e9cide&nbsp;<\/span><span style=\"color: var( --e-global-color-text ); letter-spacing: 0.2px; background-color: var( --e-global-color-c696dce );\">d\u2019aller plus loin en cr\u00e9ant une collection de bottes in&amp;out con\u00e7ue pour celles et ceux qui&nbsp;<\/span><span style=\"color: var( --e-global-color-text ); letter-spacing: 0.2px; background-color: var( --e-global-color-c696dce );\">veulent une botte tendance qui a aussi du mordant.<\/span><\/p><p>Nous proposons des bottes haut de gamme qui se d\u00e9marquent par leur design tendance,&nbsp;qui gardent les pieds aux chauds et qui sont adapt\u00e9es aux caprices de la saison froide. Enfin&nbsp;une alternative plus confortable, l\u00e9g\u00e8re et styl\u00e9e aux traditionnelles bottes d\u2019hiver\u2009!<\/p>\t\t\t\t\t\t\t\t<\/div>\n\t\t\t\t<\/div>\n\t\t\t\t\t<\/div>\n\t\t<\/div>\n\t\t\t\t\t<\/div>\n\t\t<\/section>\n\t\t\t\t<section class=\"elementor-section elementor-top-section elementor-element elementor-element-cb8be52 elementor-section-boxed elementor-section-height-default elementor-section-height-default\" data-id=\"cb8be52\" data-element_type=\"section\" data-e-type=\"section\" data-settings=\"{&quot;jet_parallax_layout_list&quot;:[],&quot;background_background&quot;:&quot;classic&quot;}\">\n\t\t\t\t\t\t<div class=\"elementor-container elementor-column-gap-default\">\n\t\t\t\t\t<div class=\"elementor-column elementor-col-100 elementor-top-column elementor-element elementor-element-68294ba\" data-id=\"68294ba\" data-element_type=\"column\" data-e-type=\"column\">\n\t\t\t<div class=\"elementor-widget-wrap elementor-element-populated\">\n\t\t\t\t\t\t<div class=\"elementor-element elementor-element-e8a8b49 elementor-widget elementor-widget-heading\" data-id=\"e8a8b49\" data-element_type=\"widget\" data-e-type=\"widget\" data-widget_type=\"heading.default\">\n\t\t\t\t<div class=\"elementor-widget-container\">\n\t\t\t\t\t<h2 class=\"elementor-heading-title elementor-size-default\">Des hivers plus s\u00e9curitaires pour les Qu\u00e9b\u00e9cois<\/h2>\t\t\t\t<\/div>\n\t\t\t\t<\/div>\n\t\t\t\t<div class=\"elementor-element elementor-element-e7f9b1a elementor-widget elementor-widget-text-editor\" data-id=\"e7f9b1a\" data-element_type=\"widget\" data-e-type=\"widget\" data-widget_type=\"text-editor.default\">\n\t\t\t\t<div class=\"elementor-widget-container\">\n\t\t\t\t\t\t\t\t\t<p>La m\u00e9t\u00e9o est souvent impr\u00e9visible, surtout l\u2019hiver.<\/p><p>Qui ne s\u2019est pas d\u00e9j\u00e0 fait surprendre par une chauss\u00e9e glissante ou une temp\u00eate de neige apr\u00e8s une sortie au restaurant ou une longue journ\u00e9e de travail\u2009? Et, qui n\u2019a pas d\u00e9j\u00e0 \u00e9t\u00e9 t\u00e9moin de la dangereuse danse des gens qui tombent en mettant le pied sur une plaque de glace\u2009?<\/p><p>C\u2019est pour les parents portant leurs enfants dans leurs bras jusqu\u2019\u00e0 l\u2019auto, les hommes et femmes qui marchent \u00e0 tout petits pas sur la glace, les mains pleines de sacs d\u2019\u00e9picerie et toutes les personnes qui se blessent chaque ann\u00e9e en perdant pied que NEXGRIP a \u00e9t\u00e9\u00a0cr\u00e9\u00e9\u2009!<\/p><p><strong>Avec nos bottes d\u2019hiver \u00e0 crampons rabattables, nous avons la pr\u00e9tention de rendre la saison froide un peu plus s\u00e9curitaire et confortable pour tous.\u00a0<\/strong><\/p>\t\t\t\t\t\t\t\t<\/div>\n\t\t\t\t<\/div>\n\t\t\t\t<div class=\"elementor-element elementor-element-0036955 elementor-align-center elementor-mobile-align-center elementor-widget elementor-widget-button\" data-id=\"0036955\" data-element_type=\"widget\" data-e-type=\"widget\" data-widget_type=\"button.default\">\n\t\t\t\t<div class=\"elementor-widget-container\">\n\t\t\t\t\t\t\t\t\t<div class=\"elementor-button-wrapper\">\n\t\t\t\t\t<a class=\"elementor-button elementor-button-link elementor-size-sm\" href=\"\/la-botte-a-crampon-retractable-technologie\/\">\n\t\t\t\t\t\t<span class=\"elementor-button-content-wrapper\">\n\t\t\t\t\t\t\t\t\t<span class=\"elementor-button-text\">Voir la technologie NEXGRIP<\/span>\n\t\t\t\t\t<\/span>\n\t\t\t\t\t<\/a>\n\t\t\t\t<\/div>\n\t\t\t\t\t\t\t\t<\/div>\n\t\t\t\t<\/div>\n\t\t\t\t\t<\/div>\n\t\t<\/div>\n\t\t\t\t\t<\/div>\n\t\t<\/section>\n\t\t\t\t<section class=\"elementor-section elementor-top-section elementor-element elementor-element-9106075 elementor-section-boxed elementor-section-height-default elementor-section-height-default\" data-id=\"9106075\" data-element_type=\"section\" data-e-type=\"section\" data-settings=\"{&quot;jet_parallax_layout_list&quot;:[]}\">\n\t\t\t\t\t\t<div class=\"elementor-container elementor-column-gap-default\">\n\t\t\t\t\t<div class=\"elementor-column elementor-col-50 elementor-top-column elementor-element elementor-element-0dd004b\" data-id=\"0dd004b\" data-element_type=\"column\" data-e-type=\"column\">\n\t\t\t<div class=\"elementor-widget-wrap elementor-element-populated\">\n\t\t\t\t\t\t<div class=\"elementor-element elementor-element-1e236c0 elementor-widget elementor-widget-image\" data-id=\"1e236c0\" data-element_type=\"widget\" data-e-type=\"widget\" data-widget_type=\"image.default\">\n\t\t\t\t<div class=\"elementor-widget-container\">\n\t\t\t\t\t\t\t\t\t\t\t\t\t\t\t<img fetchpriority=\"high\" decoding=\"async\" width=\"800\" height=\"553\" src=\"https:\/\/www.nexgrip.com\/dev\/wp-content\/uploads\/2023\/09\/DSC09721-1024x708.jpg\" class=\"attachment-large size-large wp-image-3115\" alt=\"\" srcset=\"https:\/\/www.nexgrip.com\/dev\/wp-content\/uploads\/2023\/09\/DSC09721-1024x708.jpg 1024w, https:\/\/www.nexgrip.com\/dev\/wp-content\/uploads\/2023\/09\/DSC09721-300x207.jpg 300w, https:\/\/www.nexgrip.com\/dev\/wp-content\/uploads\/2023\/09\/DSC09721-768x531.jpg 768w, https:\/\/www.nexgrip.com\/dev\/wp-content\/uploads\/2023\/09\/DSC09721-1536x1062.jpg 1536w, https:\/\/www.nexgrip.com\/dev\/wp-content\/uploads\/2023\/09\/DSC09721-2048x1416.jpg 2048w, https:\/\/www.nexgrip.com\/dev\/wp-content\/uploads\/2023\/09\/DSC09721-600x415.jpg 600w\" sizes=\"(max-width: 800px) 100vw, 800px\" \/>\t\t\t\t\t\t\t\t\t\t\t\t\t\t\t<\/div>\n\t\t\t\t<\/div>\n\t\t\t\t\t<\/div>\n\t\t<\/div>\n\t\t\t\t<div class=\"elementor-column elementor-col-50 elementor-top-column elementor-element elementor-element-7306ae9\" data-id=\"7306ae9\" data-element_type=\"column\" data-e-type=\"column\">\n\t\t\t<div class=\"elementor-widget-wrap elementor-element-populated\">\n\t\t\t\t\t\t<div class=\"elementor-element elementor-element-b2508a1 elementor-widget elementor-widget-heading\" data-id=\"b2508a1\" data-element_type=\"widget\" data-e-type=\"widget\" data-widget_type=\"heading.default\">\n\t\t\t\t<div class=\"elementor-widget-container\">\n\t\t\t\t\t<h2 class=\"elementor-heading-title elementor-size-default\">Proposez NEXGRIP \u00e0 vos clients<\/h2>\t\t\t\t<\/div>\n\t\t\t\t<\/div>\n\t\t\t\t<div class=\"elementor-element elementor-element-66f3294 elementor-widget elementor-widget-heading\" data-id=\"66f3294\" data-element_type=\"widget\" data-e-type=\"widget\" data-widget_type=\"heading.default\">\n\t\t\t\t<div class=\"elementor-widget-container\">\n\t\t\t\t\t<h4 class=\"elementor-heading-title elementor-size-default\">Devenez un point de vente au Canada ou aux \u00c9tats-Unis<\/h4>\t\t\t\t<\/div>\n\t\t\t\t<\/div>\n\t\t\t\t<div class=\"elementor-element elementor-element-c0e6bc2 elementor-widget-divider--view-line elementor-widget elementor-widget-divider\" data-id=\"c0e6bc2\" data-element_type=\"widget\" data-e-type=\"widget\" data-widget_type=\"divider.default\">\n\t\t\t\t<div class=\"elementor-widget-container\">\n\t\t\t\t\t\t\t<div class=\"elementor-divider\">\n\t\t\t<span class=\"elementor-divider-separator\">\n\t\t\t\t\t\t<\/span>\n\t\t<\/div>\n\t\t\t\t\t\t<\/div>\n\t\t\t\t<\/div>\n\t\t\t\t<div class=\"elementor-element elementor-element-d10d5ee elementor-widget elementor-widget-text-editor\" data-id=\"d10d5ee\" data-element_type=\"widget\" data-e-type=\"widget\" data-widget_type=\"text-editor.default\">\n\t\t\t\t<div class=\"elementor-widget-container\">\n\t\t\t\t\t\t\t\t\t<p>Quand ils mettent le pied dans nos bottes, les clients sont agr\u00e9ablement surpris par le confort de ces derni\u00e8res\u2009! Ils sont ensuite impressionn\u00e9s par notre crampon facilement rabattable avec un seul doigt et l\u2019adh\u00e9rence de notre semelle au concept unique.<\/p><p>\u00c9videmment, ils appr\u00e9cient aussi leur design \u00e9l\u00e9gant et l\u00e9ger!<\/p><p>Proposez des bottes au design tendance qui r\u00e9pondent parfaitement aux besoins de vos clients!<\/p>\t\t\t\t\t\t\t\t<\/div>\n\t\t\t\t<\/div>\n\t\t\t\t<div class=\"elementor-element elementor-element-de8d6d9 elementor-align-left elementor-mobile-align-center elementor-tablet-align-center elementor-widget elementor-widget-button\" data-id=\"de8d6d9\" data-element_type=\"widget\" data-e-type=\"widget\" data-widget_type=\"button.default\">\n\t\t\t\t<div class=\"elementor-widget-container\">\n\t\t\t\t\t\t\t\t\t<div class=\"elementor-button-wrapper\">\n\t\t\t\t\t<a class=\"elementor-button elementor-button-link elementor-size-sm\" href=\"#elementor-action%3Aaction%3Dpopup%3Aopen%26settings%3DeyJpZCI6NDY3MiwidG9nZ2xlIjpmYWxzZX0%3D\">\n\t\t\t\t\t\t<span class=\"elementor-button-content-wrapper\">\n\t\t\t\t\t\t\t\t\t<span class=\"elementor-button-text\">Devenir d\u00e9taillant<\/span>\n\t\t\t\t\t<\/span>\n\t\t\t\t\t<\/a>\n\t\t\t\t<\/div>\n\t\t\t\t\t\t\t\t<\/div>\n\t\t\t\t<\/div>\n\t\t\t\t\t<\/div>\n\t\t<\/div>\n\t\t\t\t\t<\/div>\n\t\t<\/section>\n\t\t\t\t<\/div>\n\t\t","protected":false},"excerpt":{"rendered":"<p>\u00c0 propos de NEXGRIP NEXGRIP est n\u00e9 d\u2019un d\u00e9sir d\u2019offrir des bottes d\u2019hiver qui sont \u00e0 la fois \u00e9l\u00e9gantes,s\u00e9curitaires et chaudes pour affronter l\u2019hiver avec style et assurance. Fabricant qu\u00e9b\u00e9cois de bottes d\u2019hiver au confort in\u00e9gal\u00e9 NEXGRIP est une entreprise familiale \u00e9tablie \u00e0 Montr\u00e9al et fond\u00e9e par un passionn\u00e9 de la&nbsp;chaussure qui \u0153uvre dans le [&hellip;]<\/p>\n","protected":false},"author":15,"featured_media":3115,"parent":0,"menu_order":0,"comment_status":"closed","ping_status":"closed","template":"","meta":{"footnotes":""},"class_list":["post-2620","page","type-page","status-publish","has-post-thumbnail","hentry"],"yoast_head":"<!-- This site is optimized with the Yoast SEO plugin v27.4 - https:\/\/yoast.com\/product\/yoast-seo-wordpress\/ -->\n<title>\u00c0 propos de NEXGRIP - NEXGRIP<\/title>\n<meta name=\"description\" content=\"NEXGRIP est une entreprise familiale \u00e9tablie \u00e0 Montr\u00e9al qui fabrique des bottes d\u2019hiver \u00e0 crampons pens\u00e9es pour rendre l\u2019hiver plus s\u00e9curitaire et confortable.\" \/>\n<meta name=\"robots\" content=\"noindex, follow, max-snippet:-1, max-image-preview:large, max-video-preview:-1\" \/>\n<meta property=\"og:locale\" content=\"fr_FR\" \/>\n<meta property=\"og:type\" content=\"article\" \/>\n<meta property=\"og:title\" content=\"\u00c0 propos de NEXGRIP - NEXGRIP\" \/>\n<meta property=\"og:description\" content=\"NEXGRIP est une entreprise familiale \u00e9tablie \u00e0 Montr\u00e9al qui fabrique des bottes d\u2019hiver \u00e0 crampons pens\u00e9es pour rendre l\u2019hiver plus s\u00e9curitaire et confortable.\" \/>\n<meta property=\"og:url\" content=\"https:\/\/www.nexgrip.com\/dev\/a-propos\/\" \/>\n<meta property=\"og:site_name\" content=\"NexGrip Canada\" \/>\n<meta property=\"article:modified_time\" content=\"2023-10-12T15:08:25+00:00\" \/>\n<meta property=\"og:image\" content=\"https:\/\/www.nexgrip.com\/dev\/wp-content\/uploads\/2023\/09\/DSC09721-scaled.jpg\" \/>\n\t<meta property=\"og:image:width\" content=\"2560\" \/>\n\t<meta property=\"og:image:height\" content=\"1770\" \/>\n\t<meta property=\"og:image:type\" content=\"image\/jpeg\" \/>\n<meta name=\"twitter:card\" content=\"summary_large_image\" \/>\n<meta name=\"twitter:label1\" content=\"Dur\u00e9e de lecture estim\u00e9e\" \/>\n\t<meta name=\"twitter:data1\" content=\"3 minutes\" \/>\n<script type=\"application\/ld+json\" class=\"yoast-schema-graph\">{\"@context\":\"https:\\\/\\\/schema.org\",\"@graph\":[{\"@type\":\"WebPage\",\"@id\":\"https:\\\/\\\/www.nexgrip.com\\\/dev\\\/a-propos\\\/\",\"url\":\"https:\\\/\\\/www.nexgrip.com\\\/dev\\\/a-propos\\\/\",\"name\":\"\u00c0 propos de NEXGRIP - NEXGRIP\",\"isPartOf\":{\"@id\":\"https:\\\/\\\/www.nexgrip.com\\\/dev\\\/#website\"},\"primaryImageOfPage\":{\"@id\":\"https:\\\/\\\/www.nexgrip.com\\\/dev\\\/a-propos\\\/#primaryimage\"},\"image\":{\"@id\":\"https:\\\/\\\/www.nexgrip.com\\\/dev\\\/a-propos\\\/#primaryimage\"},\"thumbnailUrl\":\"https:\\\/\\\/www.nexgrip.com\\\/dev\\\/wp-content\\\/uploads\\\/2023\\\/09\\\/DSC09721-scaled.jpg\",\"datePublished\":\"2023-08-28T10:02:24+00:00\",\"dateModified\":\"2023-10-12T15:08:25+00:00\",\"description\":\"NEXGRIP est une entreprise familiale \u00e9tablie \u00e0 Montr\u00e9al qui fabrique des bottes d\u2019hiver \u00e0 crampons pens\u00e9es pour rendre l\u2019hiver plus s\u00e9curitaire et confortable.\",\"breadcrumb\":{\"@id\":\"https:\\\/\\\/www.nexgrip.com\\\/dev\\\/a-propos\\\/#breadcrumb\"},\"inLanguage\":\"fr-FR\",\"potentialAction\":[{\"@type\":\"ReadAction\",\"target\":[\"https:\\\/\\\/www.nexgrip.com\\\/dev\\\/a-propos\\\/\"]}]},{\"@type\":\"ImageObject\",\"inLanguage\":\"fr-FR\",\"@id\":\"https:\\\/\\\/www.nexgrip.com\\\/dev\\\/a-propos\\\/#primaryimage\",\"url\":\"https:\\\/\\\/www.nexgrip.com\\\/dev\\\/wp-content\\\/uploads\\\/2023\\\/09\\\/DSC09721-scaled.jpg\",\"contentUrl\":\"https:\\\/\\\/www.nexgrip.com\\\/dev\\\/wp-content\\\/uploads\\\/2023\\\/09\\\/DSC09721-scaled.jpg\",\"width\":2560,\"height\":1770},{\"@type\":\"BreadcrumbList\",\"@id\":\"https:\\\/\\\/www.nexgrip.com\\\/dev\\\/a-propos\\\/#breadcrumb\",\"itemListElement\":[{\"@type\":\"ListItem\",\"position\":1,\"name\":\"Accueil\",\"item\":\"https:\\\/\\\/www.nexgrip.com\\\/dev\\\/\"},{\"@type\":\"ListItem\",\"position\":2,\"name\":\"A Propos\"}]},{\"@type\":\"WebSite\",\"@id\":\"https:\\\/\\\/www.nexgrip.com\\\/dev\\\/#website\",\"url\":\"https:\\\/\\\/www.nexgrip.com\\\/dev\\\/\",\"name\":\"NexGrip Canada\",\"description\":\"Winter Boots\",\"publisher\":{\"@id\":\"https:\\\/\\\/www.nexgrip.com\\\/dev\\\/#organization\"},\"potentialAction\":[{\"@type\":\"SearchAction\",\"target\":{\"@type\":\"EntryPoint\",\"urlTemplate\":\"https:\\\/\\\/www.nexgrip.com\\\/dev\\\/?s={search_term_string}\"},\"query-input\":{\"@type\":\"PropertyValueSpecification\",\"valueRequired\":true,\"valueName\":\"search_term_string\"}}],\"inLanguage\":\"fr-FR\"},{\"@type\":\"Organization\",\"@id\":\"https:\\\/\\\/www.nexgrip.com\\\/dev\\\/#organization\",\"name\":\"NexGrip Canada\",\"url\":\"https:\\\/\\\/www.nexgrip.com\\\/dev\\\/\",\"logo\":{\"@type\":\"ImageObject\",\"inLanguage\":\"fr-FR\",\"@id\":\"https:\\\/\\\/www.nexgrip.com\\\/dev\\\/#\\\/schema\\\/logo\\\/image\\\/\",\"url\":\"https:\\\/\\\/www.nexgrip.com\\\/dev\\\/wp-content\\\/uploads\\\/2023\\\/06\\\/logo-nexgrip.png\",\"contentUrl\":\"https:\\\/\\\/www.nexgrip.com\\\/dev\\\/wp-content\\\/uploads\\\/2023\\\/06\\\/logo-nexgrip.png\",\"width\":400,\"height\":136,\"caption\":\"NexGrip Canada\"},\"image\":{\"@id\":\"https:\\\/\\\/www.nexgrip.com\\\/dev\\\/#\\\/schema\\\/logo\\\/image\\\/\"}}]}<\/script>\n<!-- \/ Yoast SEO plugin. -->","yoast_head_json":{"title":"\u00c0 propos de NEXGRIP - NEXGRIP","description":"NEXGRIP est une entreprise familiale \u00e9tablie \u00e0 Montr\u00e9al qui fabrique des bottes d\u2019hiver \u00e0 crampons pens\u00e9es pour rendre l\u2019hiver plus s\u00e9curitaire et confortable.","robots":{"index":"noindex","follow":"follow","max-snippet":"max-snippet:-1","max-image-preview":"max-image-preview:large","max-video-preview":"max-video-preview:-1"},"og_locale":"fr_FR","og_type":"article","og_title":"\u00c0 propos de NEXGRIP - NEXGRIP","og_description":"NEXGRIP est une entreprise familiale \u00e9tablie \u00e0 Montr\u00e9al qui fabrique des bottes d\u2019hiver \u00e0 crampons pens\u00e9es pour rendre l\u2019hiver plus s\u00e9curitaire et confortable.","og_url":"https:\/\/www.nexgrip.com\/dev\/a-propos\/","og_site_name":"NexGrip Canada","article_modified_time":"2023-10-12T15:08:25+00:00","og_image":[{"width":2560,"height":1770,"url":"https:\/\/www.nexgrip.com\/dev\/wp-content\/uploads\/2023\/09\/DSC09721-scaled.jpg","type":"image\/jpeg"}],"twitter_card":"summary_large_image","twitter_misc":{"Dur\u00e9e de lecture estim\u00e9e":"3 minutes"},"schema":{"@context":"https:\/\/schema.org","@graph":[{"@type":"WebPage","@id":"https:\/\/www.nexgrip.com\/dev\/a-propos\/","url":"https:\/\/www.nexgrip.com\/dev\/a-propos\/","name":"\u00c0 propos de NEXGRIP - NEXGRIP","isPartOf":{"@id":"https:\/\/www.nexgrip.com\/dev\/#website"},"primaryImageOfPage":{"@id":"https:\/\/www.nexgrip.com\/dev\/a-propos\/#primaryimage"},"image":{"@id":"https:\/\/www.nexgrip.com\/dev\/a-propos\/#primaryimage"},"thumbnailUrl":"https:\/\/www.nexgrip.com\/dev\/wp-content\/uploads\/2023\/09\/DSC09721-scaled.jpg","datePublished":"2023-08-28T10:02:24+00:00","dateModified":"2023-10-12T15:08:25+00:00","description":"NEXGRIP est une entreprise familiale \u00e9tablie \u00e0 Montr\u00e9al qui fabrique des bottes d\u2019hiver \u00e0 crampons pens\u00e9es pour rendre l\u2019hiver plus s\u00e9curitaire et confortable.","breadcrumb":{"@id":"https:\/\/www.nexgrip.com\/dev\/a-propos\/#breadcrumb"},"inLanguage":"fr-FR","potentialAction":[{"@type":"ReadAction","target":["https:\/\/www.nexgrip.com\/dev\/a-propos\/"]}]},{"@type":"ImageObject","inLanguage":"fr-FR","@id":"https:\/\/www.nexgrip.com\/dev\/a-propos\/#primaryimage","url":"https:\/\/www.nexgrip.com\/dev\/wp-content\/uploads\/2023\/09\/DSC09721-scaled.jpg","contentUrl":"https:\/\/www.nexgrip.com\/dev\/wp-content\/uploads\/2023\/09\/DSC09721-scaled.jpg","width":2560,"height":1770},{"@type":"BreadcrumbList","@id":"https:\/\/www.nexgrip.com\/dev\/a-propos\/#breadcrumb","itemListElement":[{"@type":"ListItem","position":1,"name":"Accueil","item":"https:\/\/www.nexgrip.com\/dev\/"},{"@type":"ListItem","position":2,"name":"A Propos"}]},{"@type":"WebSite","@id":"https:\/\/www.nexgrip.com\/dev\/#website","url":"https:\/\/www.nexgrip.com\/dev\/","name":"NexGrip Canada","description":"Winter Boots","publisher":{"@id":"https:\/\/www.nexgrip.com\/dev\/#organization"},"potentialAction":[{"@type":"SearchAction","target":{"@type":"EntryPoint","urlTemplate":"https:\/\/www.nexgrip.com\/dev\/?s={search_term_string}"},"query-input":{"@type":"PropertyValueSpecification","valueRequired":true,"valueName":"search_term_string"}}],"inLanguage":"fr-FR"},{"@type":"Organization","@id":"https:\/\/www.nexgrip.com\/dev\/#organization","name":"NexGrip Canada","url":"https:\/\/www.nexgrip.com\/dev\/","logo":{"@type":"ImageObject","inLanguage":"fr-FR","@id":"https:\/\/www.nexgrip.com\/dev\/#\/schema\/logo\/image\/","url":"https:\/\/www.nexgrip.com\/dev\/wp-content\/uploads\/2023\/06\/logo-nexgrip.png","contentUrl":"https:\/\/www.nexgrip.com\/dev\/wp-content\/uploads\/2023\/06\/logo-nexgrip.png","width":400,"height":136,"caption":"NexGrip Canada"},"image":{"@id":"https:\/\/www.nexgrip.com\/dev\/#\/schema\/logo\/image\/"}}]}},"_links":{"self":[{"href":"https:\/\/www.nexgrip.com\/dev\/wp-json\/wp\/v2\/pages\/2620","targetHints":{"allow":["GET"]}}],"collection":[{"href":"https:\/\/www.nexgrip.com\/dev\/wp-json\/wp\/v2\/pages"}],"about":[{"href":"https:\/\/www.nexgrip.com\/dev\/wp-json\/wp\/v2\/types\/page"}],"author":[{"embeddable":true,"href":"https:\/\/www.nexgrip.com\/dev\/wp-json\/wp\/v2\/users\/15"}],"replies":[{"embeddable":true,"href":"https:\/\/www.nexgrip.com\/dev\/wp-json\/wp\/v2\/comments?post=2620"}],"version-history":[{"count":24,"href":"https:\/\/www.nexgrip.com\/dev\/wp-json\/wp\/v2\/pages\/2620\/revisions"}],"predecessor-version":[{"id":4695,"href":"https:\/\/www.nexgrip.com\/dev\/wp-json\/wp\/v2\/pages\/2620\/revisions\/4695"}],"wp:featuredmedia":[{"embeddable":true,"href":"https:\/\/www.nexgrip.com\/dev\/wp-json\/wp\/v2\/media\/3115"}],"wp:attachment":[{"href":"https:\/\/www.nexgrip.com\/dev\/wp-json\/wp\/v2\/media?parent=2620"}],"curies":[{"name":"wp","href":"https:\/\/api.w.org\/{rel}","templated":true}]}}